= 2*j - 4. Let t be d(j). Suppose 3*y - 16 + 4 = t. Give a(y).
-4
Suppose 4*j = 15 - 3. Suppose s + 3 = -3*p - 1, -3*s + 6 = j*p. Let l(w) = 4*w**2 - 9*w + 10. Let i(q) = q**2 - q + 1. Let c(u) = 3*i(u) - l(u). Determine c(s).
-2
Let o(k) = k**2 - 5*k + 2. Let u = 29 - 25. Give o(u).
-2
Suppose 0 = 3*o + 2 - 8. Let s(z) = -11*z + 0*z**o + 5 + 4*z**2 + 14*z - 5*z**2. Calculate s(5).
-5
Let n be (-162)/(-45) - (-4)/10. Let w(j) = -5*j - 2. Let b(p) = 2*p - 5. Let z be b(6). Let a(c) = 3*c + 1. Let i(f) = n*w(f) + z*a(f). Give i(-5).
-6
Let z(g) = 7*g**3 - 11*g**2 + 8*g - 9. Let s(j) = 8*j**3 - 12*j**2 + 9*j - 10. Let t = -14 + 20. Let r(p) = t*s(p) - 7*z(p). Calculate r(4).
11
Let x(c) = c**3 + 3*c**2 + c + 3. Suppose 3*l = 3*p + 11 + 7, -p - 18 = -5*l. Let s be x(p). Let v(z) = -z + 1. What is v(s)?
1
Suppose -2 + 16 = j. Let q be 4/j - (-6)/(-21). Let y(u) = -7*u**2 + 5*u + 12. Let z(o) = 13*o**2 - 9*o - 23. Let r(f) = 11*y(f) + 6*z(f). Give r(q).
-6
Suppose 0 = -5*y - 3*m - 20, 0 = -3*y + m - 2*m - 8. Let h(t) = 3*t - 1. Calculate h(y).
-4
Let h(u) = -u + 1. Let x(v) = v**3 + 3*v**2 - v. Let z be x(-2). Let k be (-18)/(-15)*(-20)/z. Give h(k).
5
Let z = -2 - -3. Let n be 21 + (0 - z) - -3. Suppose n = 4*l + 3*i, l + 2*i - 15 = -3. Let h(b) = -6*b + 1. Calculate h(l).
-11
Let w(p) = -2*p + 6. Let c be ((-5)/(-10))/((-1)/(-8)). Determine w(c).
-2
Let a(l) = l + 2. Let s(o) = o - 1. Let f be s(1). Let u = -5 - f. Give a(u).
-3
Let y(g) = 3 - g - 3 - 6. Let n be 2/(((-4)/(-40))/(3/(-12))). Determine y(n).
-1
Let d = 17 - 4. Suppose 0 = -5*r - 5*n + 5, -3*r + n = -n - d. Let v(l) = l + 0*l - 2*l + r*l - 3. Calculate v(2).
1
Let l(u) = u**3 - 5*u**2 - 2. Suppose -2*j = -2*t, 7 - 22 = -3*j. Determine l(t).
-2
Suppose -4*k - 2*f = 2*f + 8, 5*k - 10 = -f. Suppose 0 = 5*x - k - 7. Let y(p) = 2*p. Give y(x).
4
Let q(i) be the second derivative of 7*i**4/12 + i**3/6 + i. Determine q(1).
8
Let f(c) = -c. Let p(z) = 3*z. Let m(s) = -6*f(s) - 3*p(s). What is m(-6)?
18
Let s(x) = -2*x - 6. Suppose 0*p - 2*p + 2 = 0. Suppose 7 - p = -h. What is s(h)?
6
Let j = 2 + -6. Suppose 3*u + 17 = -7. Let w(s) = 2*s - 2. Let h(m) = 5*m - 5. Let a(z) = u*w(z) + 3*h(z). Determine a(j).
5
Let t(p) = -6*p - 7. Let q(f) = -4*f - 6. Let s(b) = -4*q(b) + 3*t(b). Suppose 0 = 3*c + 3 - 9. Calculate s(c).
-1
Suppose -6*g + 10 = -g. Let i be (g/4)/(4/24). Let v(y) be the third derivative of -y**6/120 + y**5/30 + y**4/6 - y**3/2 + y**2. Determine v(i).
0
Let q = 35 + -31. Let r(x) = x**2 - 5*x - 1. Give r(q).
-5
Suppose -7*a + 10*a = 12. Let k(y) = y - 4. Determine k(a).
0
Let p(f) = f**3 + 7*f**2 - 9*f - 3. Let q be 108/(-15) + 8/(-10). Calculate p(q).
5
Let k(r) = 2*r**2 - 2. Suppose -6*q + 8 = -4. Calculate k(q).
6
Suppose -f = -2*f + 1. Let t be ((0 - 1) + 3)*f. Let z(a) = 1 - a**t + 2*a + 2*a - 4. Determine z(4).
-3
Let p = -9 - -5. Suppose 0 = -5*o + 20 + 5. Let d(h) = -6*h**2 - 2 + 8*h**2 - 4*h**2 + 3*h**2 + o*h. Give d(p).
-6
Let b(g) = g + 1. Let x(p) = -p**2 - 9*p - 8. Let s(u) = 5*b(u) + x(u). Let k be (-1 + 6/(-4))*2. Calculate s(k).
-8
Let d(q) = q**2 - 2*q - 2. Suppose -4*o + 32 - 10 = 2*y, 3*o - 18 = -2*y. Determine d(o).
6
Suppose -2*f - 5*g - 19 = 0, -3*f - 19 = 4*g - 1. Let w be (0 + 2)*f/4. Let k(q) be the third derivative of q**6/20 + q**5/30 - q**3/6 + 2*q**2. Give k(w).
-5
Let n = -3 - -1. Suppose -2*t - 3*t + 25 = 0. Let w(m) = -3 + t*m - 6*m + 1. Determine w(n).
0
Suppose 5*c = 15, c + 2 = 2*s + 3*c. Let p(z) = z**3 + 1. Determine p(s).
-7
Let y(m) be the second derivative of -m**5/20 + m**4/12 + m**3/2 - m**2/2 + 16*m. What is y(2)?
1
Let m(h) = h**3 + h**2 - h + 1. Let c(i) = -4*i - 7. Let l(a) = -a - 2. Let g(x) = -2*c(x) + 6*l(x). Suppose -6*v = -2*v + 8. Let z be g(v). Determine m(z).
-1
Let z(i) be the third derivative of i**6/360 - i**5/20 + i**4/6 + i**3/3 + 2*i**2. Let u(w) be the first derivative of z(w). What is u(3)?
-5
Let s(q) = -4*q + 4. Let g(t) be the second derivative of -3*t**3/2 + 7*t**2/2 + 3*t. Let a(u) = 2*g(u) - 5*s(u). What is a(6)?
6
Let r(i) = -i**2 - 23. Suppose 11*c - 17*c = 16*c. What is r(c)?
-23
Let r(p) = -6*p + 1. Suppose 3*h - 7 = -4*h. What is r(h)?
-5
Let i(n) = -n + 2. Let v = -6 - -6. Suppose -12 = -v*t + 2*t. Calculate i(t).
8
Let x(k) = k**3 - 6*k**2 + k - 3. Let l be x(6). Suppose 15 = -5*j, -l*t - 17 = -8*t - j. Let h(z) = -t*z**2 + 2*z**2 + 2*z + z**2 + 2. Determine h(4).
-6
Suppose -4*a - 12 = -a. Let c(v) = 0*v**2 + 0*v + 2*v + v**3 - 4 + 5*v**2. Determine c(a).
4
Let r(y) = 6*y**2 - 1. Let j(p) be the second derivative of -p**3/6 + 2*p. Let u(m) = m**2 + 6*m + 1. Let i be u(-6). Let n be j(i). Calculate r(n).
5
Let u(v) be the third derivative of 7*v**5/30 + v**3/6 - 9*v**2. Calculate u(1).
15
Let o = -4 + 6. Let h(z) = 1. Let m(p) = p**2 + 3*p + 5. Let a(y) = -6*h(y) + m(y). Determine a(o).
9
Let g(k) = k**2 + 12*k - 8. Let s(u) be the first derivative of -u**3/3 - 11*u**2/2 + 8*u - 6. Let y(a) = 6*g(a) + 7*s(a). Determine y(-6).
2
Let u(l) = -l - 6. Suppose -3*h = -2*h - 45. Suppose 2*p = 3*p - r - 7, -5*p + h = -3*r. Let m = p + -18. What is u(m)?
0
Suppose b - 3*b + 3*h + 17 = 0, 15 = 5*h. Suppose -j + b = 3*m, 3*m - j = -m + 8. Suppose n - m = -2. Let p(l) = l**2 + 1. Determine p(n).
2
Let l be (-3)/2*(-4 + 0). Let d(m) = -m**2 + m. Let g(x) = 3*x**2 + 1 + x + 0 + x + 5. Let y(q) = 4*d(q) + g(q). Determine y(l).
6
Let y(q) = -3*q + 1. Let f = -19 + 23. Calculate y(f).
-11
Let u(g) be the third derivative of -8*g**2 - 1/6*g**3 + 1/15*g**6 + 0 + 1/12*g**4 - 1/30*g**5 + 0*g. Calculate u(1).
7
Suppose l = 1 - 0. Suppose 5*u - 8 = 2*n - l, -2*n + u + 5 = 0. Let m(w) = -2*w + 2. Calculate m(n).
-6
Let c(u) = -u + 2. Let d(h) = -h**3 + 7*h**2 + 8*h. Let s be (20/(-6) - -2)*-6. Let q be d(s). Calculate c(q).
2
Let s(z) be the third derivative of -1/60*z**5 + 0*z + 0 + 1/6*z**4 - 2/3*z**3 - 2*z**2. What is s(4)?
-4
Let m = -1 - 2. Let h be (-2 - -12)/((-6)/m). Let r(b) = -4*b**3 - 10*b**2 + b - 10. Let t(o) = -o**3 - o**2 - 1. Let j(p) = r(p) - 5*t(p). Determine j(h).
0
Suppose -5*i = -4*i - 2. Let y(j) = 2*j - 2*j - i*j + j. Let a(x) = -x**2 - 8*x - 7. Let d be a(-7). Give y(d).
0
Let z(v) = -4 + 11*v - 16*v + 4*v. What is z(-9)?
5
Let z(l) = -3*l + 3. Let v(x) = -x + 1. Let d(k) = -2*v(k) + z(k). What is d(0)?
1
Let u(y) = y**2 - 12*y + 11. Let b be u(9). Let l be (-4)/14 - b/7. Let f(h) = h + 2. Determine f(l).
4
Let g(d) = 2*d + 5. Let u be g(4). Let n(w) = 7*w - 11 + w**2 + u - w. Calculate n(-6).
2
Let p(r) be the second derivative of -r**4/12 + 7*r**3/6 + r**2/2 + 13*r. What is p(7)?
1
Let h(d) be the second derivative of -13*d**5/20 + d**3/6 - 13*d. What is h(1)?
-12
Let l(z) = -5*z**3 + z**2. Suppose 6*j - 5 = j. Let q be l(j). Let r(n) = -n + 1. Give r(q).
5
Let h(o) = -o**2 + o. Let u be h(5). Let d be 2/(3 - u/(-8)). Let j(v) = -v - 1. Determine j(d).
-5
Let q = 6 + -10. Let y be 6*(-1 + -2 + 2). Let d = y - q. Let t(m) = 2*m**2 + m - 2. Give t(d).
4
Let i(u) = -u**3 + 22*u**2 - 5. Let c be i(22). Let g(m) = m**2 + 5*m - 1. Give g(c).
-1
Let k(x) = -x**2 - x. Let p(z) = -z + 1. Let h(o) = -k(o) + 3*p(o). Let l(f) = -f - 4. Let q be l(-7). Give h(q).
6
Suppose -5*x = -9 + 29. Let t(k) = -k**3 - 6*k**2 - 6*k - 1. Give t(x).
-9
Let h(j) = -2*j**3 + 1 - 7*j**2 - j**3 + 2*j**3 + 24*j - 16*j. Let i be h(-8). Let p(u) = -u**2 + u. Calculate p(i).
0
Let u(g) = -g**3 - g**2 + 2*g - 1. Let f be (-4)/10 - 188/(-20). Let x be (-2)/(1*(-6)/f). Suppose -x*p + 0 = -3. Determine u(p).
-1
Let a(q) = -10*q**2 - q + 1. Let t(v) = -v**3 - 11*v**2 + v + 12. Let r be t(-11). Give a(r).
-10
Let g(h) = h**3 + 6*h**2 + 7*h + 6. Let d be g(-5). Let m(u) = 2*u**2 + 8*u. Give m(d).
0
Let l(c) = -12*c + 1. Let q(v) = -23*v + 2. Let u(m) = -7*l(m) + 4*q(m). What is u(-2)?
17
Let u(k) = 6*k**2 + 3*k - 6. Let o(b) = 6*b**2 + 2*b - 5. Let x(g) = -7*o(g) + 6*u(g). Let n(y) = y**2 + 1. Let z(d) = -5*n(d) - x(d). What is z(4)?
-4
Let j(t) = -t**2 + 6*t - 6. Suppose 0 = 2*o + w - 58, 109 = 5*o + 5*w - 36. Suppose -3*m - 3 = -5*h, 4*m + m + 3*h = o. Give j(m).
2
Let x(i) = -60*i + 32*i + 29*i + i**2. Let b(g) = -g**2 + 4*g - 3. Let c be b(2). What is x(c)?
2
Let n(y) = 16*y + 6. Let x(l) = 5*l + 2. Let r(z) = 5*z + 20. Let c be r(-6). L